+ 127099. Is o composite?
True
Suppose 3*i + 33811 = 5*c, -2*c + 7*c - 33809 = 2*i. Suppose -6*w = -5545 - c. Is w composite?
True
Suppose -148775 = 18*n - 29*n. Suppose 3*j - d - n = 0, -2*d + 7*d + 9034 = 2*j. Is j a prime number?
True
Let z be 2/17 + (-824)/68. Let o(f) = -17*f**2 + 3*f + 3. Let g be o(z). Let j = 5686 + g. Is j a prime number?
False
Suppose 150095398 = 75*f + 143*f. Is f a composite number?
False
Let d(y) = -30*y + 60. Let n be d(3). Is 10/(n/(-14949)) + -2 composite?
True
Suppose 138234 - 15050 = t + 3*k, 4*t + 4*k - 492696 = 0. Is t composite?
False
Let i = 10 + -3. Let w(m) = 7*m**3 + 3*m**2 - 6*m - 14. Let f be w(i). Suppose 3*r = -2*u + 4987, -5*u + f = -4*u + 2*r. Is u composite?
True
Is 156/12 + (-84)/7*-40123 prime?
True
Let n be 0/(12/(-4) + 1). Is (-59 + 0 - n)*(-655)/5 prime?
False
Let h(a) = 103*a**2 + 120*a + 55. Is h(-34) prime?
False
Suppose 338176 = 5*k + 30506. Suppose -7*x + k = 4*x. Is x a prime number?
False
Let c be (1/(10/(-25)))/((-4)/(-71288)). Is c/(-57) - (-4)/(-6) composite?
True
Suppose -5*v - 12609 = 2*l, 3*l - 2*v + 4848 + 14056 = 0. Let d = l + 10541. Suppose -k = 4*r - d, -r - k + 327 + 735 = 0. Is r prime?
False
Let x(g) be the second derivative of 69*g**3 - g**2 - 14*g. Let u be x(-5). Let z = 3873 + u. Is z a composite number?
False
Suppose -188*d - 246*d + 43025280 = -50*d. Is d a prime number?
False
Suppose -3*r - 192 = -5*a, 70 = -4*a + 2*r + 222. Let z = -26 + a. Suppose -8*c + z*c = 3070. Is c composite?
True
Suppose -16858052 = -179*h + 10283897. Is h prime?
True
Suppose 2*j + 0*j + 3*t - 14219 = 0, -j = -5*t - 7129. Is ((-8)/20)/(12/(-15))*j composite?
False
Let b(q) = 1388*q - 1445. Is b(6) composite?
False
Let r(s) = -38776*s**3 + s**2 - 4*s - 5. Let b be r(-1). Suppose 2*n = 10*n - b. Is n a prime number?
False
Suppose -13*f + 11921500 = -7201435. Is f a composite number?
True
Let k = 18779 + 2276. Is k composite?
True
Suppose 60*w - 58*w + 4*n - 631930 = 0, w = -3*n + 315968. Is w composite?
True
Let z = -4347 + 1709. Let q = 4857 + z. Is q composite?
True
Suppose -j + 3 = -4*k, -5*k - 6 = 2*j + 1. Let o(g) = 1 - 76*g + 37*g - 175*g. Is o(j) composite?
True
Let l(u) = u**2 - 16*u + 7. Let n be l(16). Let v(t) = n*t + 11 + 11*t - 23*t + 8*t**2 + t**3. Is v(8) composite?
True
Suppose 30 = -31*l + 41*l. Suppose 2*i + l*b = -0*b + 1976, 10 = -5*b. Is i prime?
True
Let b be (-3 + 2 + -48)*(-8 + 7). Let h = b - 54. Is (-1)/((-4)/20888) - h prime?
True
Let q be (-1)/9 - 211211*(-2)/(-18). Let p = 61656 + q. Is p/24 - 8/48 composite?
True
Suppose 2726 + 1912 = 2*v + 4*b, 2*v - 4635 = -3*b. Let y be (-1)/(-3) - v/(-27). Is 14991/11 + (y/(-11) - -8) composite?
True
Let g(m) = -1675*m**2 + 2*m + 3. Let q be ((-4)/6)/((-12)/126). Let a(d) = 2512*d**2 - 3*d - 4. Let f(c) = q*g(c) + 5*a(c). Is f(1) a prime number?
False
Let f be 18/12*2/3. Let n(r) = -r**2 - 6*r - 11. Let u be n(-3). Is (f - u/(-4))*892 a composite number?
True
Let q be (3470156/111)/((-4)/(-3)). Let a = -12706 + q. Is a a composite number?
True
Let c = -681 + 684. Is (c - 7 - (-6 + 5)) + 20836 prime?
False
Let p(o) = 112740*o**3 - 2*o**2 + 5*o - 2. Is p(1) a composite number?
False
Suppose 13911*g - 13895*g = 122704. Is g composite?
False
Let t(d) = 5*d**2 - 27*d - 12. Let z be t(6). Suppose -7*o = 5*l - z*o - 3232, -2*l = -4*o - 1306. Is l a prime number?
True
Let i be (-1 + -28107)/(0 + 3 - 5). Suppose 5*z + 8165 = 2*g + 22211, i = 5*z + 2*g. Suppose -5*b = -2*p + z, 3*p = -2*b + 4963 - 748. Is p composite?
True
Suppose -306*h + 79330595 = 28279391. Is h prime?
False
Let s = -2920209 - -5582714. Is s a composite number?
True
Let y(x) be the first derivative of -1/2*x**2 - 4*x + 19 - 1/3*x**3 + 31/4*x**4. Is y(3) a composite number?
False
Is (978556/14)/((2/9)/((-140)/(-180))) prime?
True
Suppose -5*y = 2*y. Suppose y = -5*l + 56 - 41. Is l/2*1/(6/1996) a prime number?
True
Let v(u) be the second derivative of 23*u**6/360 + 11*u**5/120 + u**4/24 + 11*u**3/6 + 26*u. Let z(a) be the second derivative of v(a). Is z(5) prime?
True
Let t(k) = -72*k**2 + 7*k + 37. Let c(q) = -36*q**2 + 4*q + 19. Let g(w) = 11*c(w) - 6*t(w). Let i be g(-6). Suppose -i - 31 = -6*y. Is y a composite number?
True
Suppose 0 = 5*z - z - 1456. Suppose -3*b + z = 4*b. Is (-7)/(b/(-17) - -3) a prime number?
False
Suppose -29*d + 891154 = -349669. Is d composite?
False
Suppose 686*h - 679*h - 666141 = 0. Is h a composite number?
True
Let k be 60/(-40) - (-1701)/2. Let p = k + 192. Is p composite?
True
Let u(t) = -7*t**3 + 12*t**2 + 13*t - 38. Let p be u(10). Let s = 11055 + p. Is s a prime number?
True
Let y(d) = -496*d - 5 + 10 + 270*d - 404*d. Is y(-1) composite?
True
Let q = -235722 - -392299. Is q composite?
False
Let b(w) = -w**3 - 12*w**2 - 3*w - 31. Let v be b(-12). Suppose 4 = u - 2*u, v*h = -3*u + 1163. Is h composite?
True
Let q(x) be the third derivative of x**6/120 + x**5/30 - 9*x**2. Let c be q(-2). Is c - ((-2 - 294) + 3) prime?
True
Suppose -v - 3*v + 8 = t, -5*t - 5*v = -10. Suppose 2*x - 5*w - 3375 = t, -726 - 955 = -x - 4*w. Is x a composite number?
True
Let j(p) = -35767*p + 4450. Is j(-37) composite?
True
Let t be (-70484)/(-469) - (-2)/(-7). Is ((-335910)/t)/(-2 + (-27)/(-15)) a prime number?
True
Let z = 110615 - 8494. Is z composite?
False
Let c = 451159 + 543022. Is c prime?
True
Let j = -42 - -33. Is ((-18)/(-4))/(j/(-60)) + -4 composite?
True
Is (-12)/(-15) - (-2739978)/90 prime?
False
Let r be (-15)/10*48/9. Is 1858 - (r/4 - 5) a composite number?
True
Suppose 4*m + b = 6*m - 197898, 98943 = m + b. Is m a prime number?
True
Suppose -229*l = -230*l + 857161. Is l composite?
False
Suppose 2272108 + 1263019 = 5*z + 3*g, 3*z - 4*g = 2121053. Is z a prime number?
False
Let h = 98589 - -6014. Is h a composite number?
True
Let l(p) = -156*p + 5. Let y be l(-6). Suppose 3*n - 21 = -6, -522 = -r + 5*n. Suppose t + y = 2*q, -3*q + 862 = -4*t - r. Is q composite?
True
Is 1*6/(-9)*((-3147384)/16 + 12) a composite number?
True
Suppose -22*q = -3*q - 42940. Suppose q = -10*f + 24050. Is f a composite number?
False
Suppose 5*l + 15*q - 12*q = 157787, 4*l - 3*q - 126262 = 0. Is l composite?
True
Let m = 78 + -118. Let a = -41 - m. Let z(j) = 223*j**2 + 3*j + 3. Is z(a) a prime number?
True
Suppose 15*j + 1552146 + 36132 = 3*p, -5*p - j + 2646896 = 0. Is p a prime number?
True
Let p(t) = -802*t - 117. Let m(k) = -2*k**2 - 4*k + 8. Let x be m(-4). Is p(x) prime?
True
Suppose 0 = -s - 211*p + 209*p + 128623, 643175 = 5*s - 2*p. Is s prime?
False
Let i(r) = -r**3 - 5*r**2 - 5*r + 6. Let c be i(-3). Suppose -935 = -c*a + 4*l, l - 301 = -a + 5*l. Is a prime?
True
Suppose -6*q + 376578 - 79212 = 0. Is q a prime number?
False
Let w = -9173 - -12936. Suppose 5*p + 3*t - 10833 - 8072 = 0, -3*t - w = -p. Is p a composite number?
True
Let g = -16187 + 61788. Is g a prime number?
False
Suppose 0 = -6*h - 3 + 27. Suppose 0 = -3*d + 6, 0*o = 2*o - h*d + 2. Is 794/o - (-2)/6 prime?
False
Let c = -94 + 97. Let o(k) = 15 + 514*k**3 - 3*k - 97*k**3 + 669*k**c + k**2 - 12. Is o(1) prime?
True
Let s = -56 - -44. Let c be 12/(-9)*s/(-8). Is c/16 - 729/(-8) a composite number?
True
Suppose -2*r = -2, -w + 0*r - 4*r + 18 = 0. Let l(k) = k**2 - 14*k - 7. Let d be l(w). Is 0/d + 127/1 a composite number?
False
Suppose -4*n + v + 20 = -0*v, 3*n = v + 16. Let t be ((-7)/n)/(4/(-16)). Suppose -g = t*g - 5224. Is g a prime number?
True
Suppose -10*i + 1161256 = -1426764. Is i a prime number?
False
Let s = 69 + -66. Suppose -3*t = 4*r - t - 15562, -3*r - s*t + 11676 = 0. Is r composite?
False
Let x = -6936 + 3795. Is 1/(-7)*x + (-20)/(-70) a composite number?
False
Let u(g) = 2*g - 9. Let r be u(6). Suppose -3*c - r*d = -21, -2*c = -3*d + 10 + 1. Suppose -2*t + 666 = c*i, 0 = -4*i + 3*t - 136 + 1496. Is i prime?
True
Is 17965*12/40*(-424)/(-12) a composite number?
True
Let w be (-4 + 0)*-1 - -24709. Suppose -w = -94*b + 81*b. Is b composite?
False
Let h(c) = 29 - 13*c - 20*c - 157*c - 58*c + 12*c. Is h(-39) a composite number?
True
Let a(d) = -2*d**2 - 11*d + 5. Let u be a(-5). Suppose -5*v = u, -2*i + 7*v = 2*v - 24702. Is i composite?
True
Suppose 833052 = 4*d + 3*l + 228055, 0 = 2*l + 10. Is d a composite number?
False
Let y = 507 + -502. Suppose 0 = 3*z - y*m - 8126